- u. Let o(a) be the third derivative of w(a). What are the prime factors of o(-5)?
2, 3, 7
Suppose -12*p + 4698 = -2802. Suppose -8*z + p = -311. Suppose 93 = 5*b - z. List the prime factors of b.
2, 3, 7
Let v(z) = -54*z + 31. Let d be v(-12). Let b = d + -317. List the prime factors of b.
2, 181
Suppose -3*q + 7*q = 5*k - 13, 0 = -3*q + 5*k - 16. What are the prime factors of 495/(-66)*(-10)/q?
5
Let j(n) = n**2 - 5*n + 1. Let z be j(5). Let r be 3 - z - 4/(-2). Suppose 69 = r*c - 255. What are the prime factors of c?
3
Let x(c) be the first derivative of 13*c**4/2 + 5*c**3/3 + 3*c**2/2 + c + 36. List the prime factors of x(3).
757
Let h be (-6 + 165/25)/((-1)/(-5)). Suppose -2*w + 67 + h = 0. List the prime factors of w.
5, 7
Let o(y) = -74*y**3 + 8*y**2 - 10*y - 6. List the prime factors of o(-4).
2, 31, 79
Let n(k) = -7*k + 4 - 6 - 16 + k**2. Let v be n(10). List the prime factors of 2*v/8 - -29.
2
Let r(u) = 6640*u**2 - 37*u + 38. What are the prime factors of r(1)?
29, 229
Suppose 72*p - 257472 = 24*p. What are the prime factors of p?
2, 3, 149
Let y(g) = -g**3 - 16*g**2 + 21*g + 41. Let s be y(-17). List the prime factors of (8/(-6))/((-1 + 2)/s).
2, 3
Suppose 6*v - 19 = 125. Suppose 23*a = v*a - 9. Suppose -276 = -a*d + 66. What are the prime factors of d?
2, 19
Let a = 156 - 82. Let m = a + -69. Suppose -3*o + 252 = 2*n + 30, m*o - 370 = -3*n. List the prime factors of o.
2, 37
Let o(r) = -7*r**3 - 40*r**2 - 55*r - 69. Let b(v) = 4*v**3 + 20*v**2 + 27*v + 34. Let z(w) = 5*b(w) + 3*o(w). What are the prime factors of z(-19)?
2, 43
List the prime factors of (-129582)/(-7) + 14 + 96/(-7) + 3.
5, 7, 23
Let l be 11740 + -12 + 8 + 1. Suppose l = 9*w + 2692. List the prime factors of w.
3, 5, 67
Suppose -v - 5*a + 2 = -8, -3*v = a - 2. Let s(c) = -2*c**2 + 219. What are the prime factors of s(v)?
3, 73
Suppose 0 = 81*s - 523172 - 2177449. What are the prime factors of s?
7, 11, 433
Suppose 0 = -23*h - 1426 + 4669. Suppose h*n = 144*n - 1194. What are the prime factors of n?
2, 199
Suppose 2*m + m - 195 = 3*r, -2*m - 4*r + 148 = 0. Suppose -m - 876 = -4*q. Let c = q + -23. What are the prime factors of c?
3, 71
Let n(p) = 1930*p - 2976. List the prime factors of n(21).
2, 3, 11, 569
Suppose p - 5348 = 5*c, -4*c + 1181 + 25704 = 5*p. What are the prime factors of p?
3, 199
Suppose 50*l - 52*l + 56824 = 2*z, -3*z + 7*l + 85276 = 0. List the prime factors of z.
2, 3, 37
What are the prime factors of 0 - (48/(-28))/(20/76930)?
2, 3, 7, 157
Let y = 23 - 22. Let o be (-94 + y)/(18/(-12)). What are the prime factors of o - 19 - 2*1?
41
Suppose -m = -j - 14441, -96*j - 43291 = -3*m - 101*j. What are the prime factors of m?
14437
Suppose 0 = -2*d - 10*d + 9*d + 26373. What are the prime factors of d?
59, 149
Let h be (-1043)/(-14) - 3/(-2). Suppose -4*s + h = 5*u, u + 5*s + 9 - 41 = 0. What are the prime factors of ((-57)/12)/((15/u)/(-5))?
19
Let i = 11190 + -1138. What are the prime factors of i?
2, 7, 359
Suppose 3*k + 6 = 2*t, 3*k - 3*t = -0*k - 9. Suppose 5*h - 3*h - 36 = k. List the prime factors of 4 - (52/3)/(h/(-135)).
2, 67
Suppose 2*j + 3*i = 7*i + 24, -5*i = 2*j + 12. Suppose 3*a + 225 = 6*a + 5*p, 2*p - 286 = -j*a. List the prime factors of a.
2, 5, 7
Let h(r) be the third derivative of r**5/20 - 7*r**4/12 + 9*r**3/2 + 96*r**2 + 2*r. List the prime factors of h(10).
11, 17
Suppose -7*d + 465 + 20640 = 0. What are the prime factors of d?
3, 5, 67
List the prime factors of 100/(-28) + (480/56 - 8) - -11626.
59, 197
Let o = 4209 - 2353. Suppose 13*v - 2*y = 17*v - o, 0 = -2*v + 4*y + 938. List the prime factors of v.
3, 5, 31
Let c = 59200 - 17555. List the prime factors of c.
5, 8329
Let x = -169 - -173. Let i(a) = a**3 - 4*a - 13. What are the prime factors of i(x)?
5, 7
Let t = 2068 + -822. List the prime factors of t.
2, 7, 89
Let s = 185 + -149. Let z(y) = 2*y**2 - 9*y + 6. Let g be z(6). Let b = s - g. List the prime factors of b.
2, 3
Let u(z) = 6*z**2 - 13*z + 44. Let f be u(15). Let v = f - 709. Suppose -29*n = -31*n + v. What are the prime factors of n?
5, 7
Suppose 6*m - 9*m = -24. Let a = 10 - m. Suppose -216 = -2*c - 0*g - a*g, -4*c + 432 = -5*g. List the prime factors of c.
2, 3
Let o = 4748 - 1861. List the prime factors of o.
2887
Let m be (3*(-3)/27)/((-1)/381). Let k = 139 - m. Let b(a) = 2*a**2 - 18*a + 10. List the prime factors of b(k).
2, 41
Let b be (2 - 7/3) + 1303554/63. Suppose 5*p - b = -14*p. List the prime factors of p.
3, 11
Let h be (-346)/(-7) - 24/56. Suppose 44*q + 100 = h*q. Suppose -17*x - 165 = -q*x. What are the prime factors of x?
5, 11
Suppose -4*h = 4*v - 121976, -68*v + 152462 = 5*h - 65*v. What are the prime factors of h?
2, 5, 3049
Let d = -12189 + 18851. What are the prime factors of d?
2, 3331
Let i(x) = -10*x**2 - 1242*x + 12. What are the prime factors of i(-120)?
2, 3, 421
Let m = -287 - -442. Suppose -2120 = -5*y + m. List the prime factors of y.
5, 7, 13
Suppose 18*m - 4045 = 13*m. Let r = -508 + m. List the prime factors of r.
7, 43
Let t = -8210 + 13933. What are the prime factors of t?
59, 97
Let l be ((-14)/4)/((-27)/162). What are the prime factors of 1004/2 + -17 + l?
2, 11, 23
Suppose 227 - 170 = -3*i. Let d(o) = 11*o - 8 + 26*o + 2*o**2 + 29. What are the prime factors of d(i)?
2, 5
List the prime factors of (-69)/(-46) - (-36 + 37)/((-4)/298698).
2, 3, 7, 127
Let j(l) = -l**3 - l**2 + 78. Let p = -76 - -76. Let b be j(p). Suppose -11*c + 10*c = -b. List the prime factors of c.
2, 3, 13
Let r = -111 - -113. Suppose 3*w - 3*u - 112 = w, 112 = r*w - 2*u. Suppose 0 = -18*n + 19*n - w. List the prime factors of n.
2, 7
Let i(p) = 42*p**3 - 1319*p**2 + 46*p - 26. What are the prime factors of i(32)?
2, 13523
Let l = 41 + -39. Suppose 0*a = l*a - 972. What are the prime factors of a?
2, 3
Let h(g) = -3*g**3 + 54*g**2 - 21*g + 6. Let u be h(17). Let l = u - 354. List the prime factors of l.
2, 3
Let k = 59 - 58. Let d(p) = 111*p**3 + 2*p**2 - 4*p + 3. List the prime factors of d(k).
2, 7
Suppose 598*h = 614*h - 460736. List the prime factors of h.
2, 23, 313
Suppose 0 = -5*k + 5*c + 1845, 2*k - 1057 + 309 = -3*c. Suppose 0*z - 2*z - 2*n = 6, -2*z + 6 = 5*n. What are the prime factors of (k/(-2))/z*2?
53
Suppose 2*v - 16056 = -2*s, 103*v + 2*s + 16052 = 105*v. List the prime factors of v.
23, 349
Suppose -4*z = -t - 151, 3*t + 4*z + 518 - 65 = 0. What are the prime factors of (-7)/(-14)*-4 - t?
149
Let q(u) = -5755*u - 6173. What are the prime factors of q(-15)?
2, 43, 233
Suppose 36*v = 206960 + 143608. What are the prime factors of v?
2, 3, 541
Let u(m) be the first derivative of -7*m**4 - m**3/3 - 9*m**2/2 - 5*m - 116. What are the prime factors of u(-3)?
769
Let y = 206 - 171. What are the prime factors of -30*(6 + (-742)/y)?
2, 3, 19
Suppose 3*i + 2*j - 2929 = 0, 0*j + 4840 = 5*i - 5*j. Suppose i = 6*c + 211. What are the prime factors of c?
127
Let d = -15 + 14. Let l be d/2 + 46/(-4). Let m = l + 36. List the prime factors of m.
2, 3
Suppose -a = 197 - 205. Suppose -1694 - 1994 = -a*j. What are the prime factors of j?
461
Let o(z) = -z**3 - 6*z**2 - 3*z - 7. Let i be o(-4). Let m = 31 + i. Suppose 2*u - 4*k - 122 = 0, -3*u + m*k = -0*u - 191. What are the prime factors of u?
3, 23
Let j(k) = 16*k**2 - 2*k. Let l(s) be the third derivative of -s**6/120 + s**5/12 - s**4/8 - 7*s**3/6 - 24*s**2. Let i be l(4). List the prime factors of j(i).
2, 3, 5
Let h = 42 - 33. Let f(d) = -d**3 + 9*d**2 + 2*d - 15. Let a be f(h). Suppose 6*v - 240 = v + 2*w, -4*w = -a*v + 130. List the prime factors of v.
2, 5
Let n(p) = -19*p + 76. Let q be n(4). Let g be ((-8)/6)/((-4)/6). Suppose -5*t - g*d + 504 = -78, q = -3*t - 2*d + 350. What are the prime factors of t?
2, 29
What are the prime factors of 68/18 + -4 - (-556885)/45?
3, 5, 11
List the prime factors of ((-45741)/316)/(9/(-312)).
2, 13, 193
Let v(a) = -a**3 - 23*a**2 - 3*a - 65. Let r be v(-23). Suppose 1499 = 5*j - 2*g, -r*j - 6*g + 1213 = -3*g. What are the prime factors of j?
7, 43
List the prime factors of -5 + (-23 - -22)/(1/(-15029)).
2, 3, 313
Let k = 243 - 146. Let p be 5/(25/10)*k/2. Suppose p + 123 = 2*u. What are the prime factors of u?
2, 5, 11
Let c(x) = 9*x**2 + 93*x + 218. List the prime factors of c(-52).
2, 9859
Suppose -20